hat is the remainder when 366 is divided by 54?
42
What is the remainder when 625 is divided by 194?
43
What is the remainder when 40 is divided by 8?
0
What is the remainder when 1056 is divided by 18?
12
What is the remainder when 1168 is divided by 105?
13
What is the remainder when 190 is divided by 32?
30
Calculate the remainder when 62 is divided by 16.
14
What is the remainder when 331 is divided by 37?
35
Calculate the remainder when 43647 is divided by 248.
247
What is the remainder when 82 is divided by 55?
27
What is the remainder when 147 is divided by 134?
13
Calculate the remainder when 1555 is divided by 9.
7
What is the remainder when 6068 is divided by 25?
18
Calculate the remainder when 124 is divided by 27.
16
Calculate the remainder when 5375 is divided by 56.
55
What is the remainder when 95 is divided by 45?
5
Calculate the remainder when 12697 is divided by 127.
124
Calculate the remainder when 313 is divided by 9.
7
What is the remainder when 330 is divided by 32?
10
What is the remainder when 6949 is divided by 183?
178
What is the remainder when 1558 is divided by 31?
8
What is the remainder when 5378 is divided by 39?
35
What is the remainder when 191 is divided by 97?
94
What is the remainder when 1394 is divided by 50?
44
Calculate the remainder when 389 is divided by 106.
71
Calculate the remainder when 767 is divided by 77.
74
What is the remainder when 135 is divided by 38?
21
Calculate the remainder when 69 is divided by 35.
34
Calculate the remainder when 515 is divided by 75.
65
What is the remainder when 142 is divided by 78?
64
Calculate the remainder when 265 is divided by 60.
25
Calculate the remainder when 616 is divided by 253.
110
Calculate the remainder when 33 is divided by 31.
2
What is the remainder when 261 is divided by 30?
21
What is the remainder when 903 is divided by 231?
210
What is the remainder when 123 is divided by 29?
7
Calculate the remainder when 4662 is divided by 53.
51
What is the remainder when 214 is divided by 5?
4
Calculate the remainder when 1254 is divided by 14.
8
Calculate the remainder when 1855 is divided by 50.
5
What is the remainder when 128 is divided by 42?
2
What is the remainder when 218 is divided by 87?
44
Calculate the remainder when 2335 is divided by 60.
55
What is the remainder when 357 is divided by 315?
42
Calculate the remainder when 662 is divided by 8.
6
What is the remainder when 1992 is divided by 19?
16
Calculate the remainder when 1206 is divided by 392.
30
What is the remainder when 122 is divided by 9?
5
What is the remainder when 396 is divided by 140?
116
What is the remainder when 292 is divided by 36?
4
Calculate the remainder when 3949 is divided by 152.
149
What is the remainder when 7283 is divided by 12?
11
Calculate the remainder when 193 is divided by 22.
17
What is the remainder when 36 is divided by 33?
3
Calculate the remainder when 161 is divided by 54.
53
Calculate the remainder when 494 is divided by 248.
246
Calculate the remainder when 4546 is divided by 7.
3
Calculate the remainder when 327 is divided by 35.
12
Calculate the remainder when 175 is divided by 8.
7
What is the remainder when 249 is divided by 51?
45
Calculate the remainder when 171 is divided by 72.
27
Calculate the remainder when 1717 is divided by 43.
40
What is the remainder when 22 is divided by 5?
2
Calculate the remainder when 284 is divided by 72.
68
Calculate the remainder when 838 is divided by 84.
82
Calculate the remainder when 136 is divided by 18.
10
Calculate the remainder when 300 is divided by 102.
96
What is the remainder when 36 is divided by 21?
15
Calculate the remainder when 52 is divided by 27.
25
Calculate the remainder when 428 is divided by 144.
140
What is the remainder when 340 is divided by 172?
168
Calculate the remainder when 15280 is divided by 9.
7
Calculate the remainder when 27729 is divided by 47.
46
Calculate the remainder when 353 is divided by 74.
57
What is the remainder when 2466 is divided by 103?
97
What is the remainder when 2063 is divided by 47?
42
Calculate the remainder when 85 is divided by 53.
32
What is the remainder when 3223 is divided by 44?
11
Calculate the remainder when 605 is divided by 124.
109
Calculate the remainder when 91 is divided by 52.
39
Calculate the remainder when 5577 is divided by 93.
90
What is the remainder when 102 is divided by 4?
2
Calculate the remainder when 1799 is divided by 43.
36
Calculate the remainder when 703 is divided by 15.
13
Calculate the remainder when 109 is divided by 10.
9
What is the remainder when 1117 is divided by 350?
67
Calculate the remainder when 138 is divided by 3.
0
Calculate the remainder when 1276 is divided by 64.
60
What is the remainder when 411 is divided by 109?
84
What is the remainder when 1406 is divided by 215?
116
What is the remainder when 772 is divided by 46?
36
Calculate the remainder when 1010 is divided by 92.
90
What is the remainder when 8125 is divided by 32?
29
Calculate the remainder when 1648 is divided by 165.
163
What is the remainder when 294 is divided by 59?
58
What is the remainder when 226 is divided by 56?
2
Calculate the remainder when 7083 is divided by 41.
31
Calculate the remainder when 256 is divided by 43.
41
Calculate the remainder when 706 is divided by 34.
26
What is the remainder when 233 is divided by 78?
77
What is the remainder when 934 is divided by 72?
70
Calculate the remainder when 721 is divided by 19.
18
Calculate the remainder when 492 is divided by 26.
24
Calculate the remainder when 211 is divided by 26.
3
Calculate the remainder when 364 is divided by 64.
44
Calculate the remainder when 132 is divided by 25.
7
Calculate the remainder when 188 is divided by 138.
50
What is the remainder when 1124 is divided by 25?
24
Calculate the remainder when 20743 is divided by 11.
8
What is the remainder when 241 is divided by 117?
7
What is the remainder when 612 is divided by 88?
84
Calculate the remainder when 777 is divided by 6.
3
Calculate the remainder when 2251 is divided by 87.
76
Calculate the remainder when 236 is divided by 16.
12
What is the remainder when 563 is divided by 272?
19
What is the remainder when 5847 is divided by 122?
113
Calculate the remainder when 63 is divided by 41.
22
Calculate the remainder when 2047 is divided by 84.
31
What is the remainder when 4460 is divided by 97?
95
Calculate the remainder when 36 is divided by 19.
17
What is the remainder when 255 is divided by 20?
15
Calculate the remainder when 355 is divided by 10.
5
Calculate the remainder when 154 is divided by 12.
10
Calculate the remainder when 202 is divided by 12.
10
What is the remainder when 14005 is divided by 298?
297
Calculate the remainder when 511 is divided by 249.
13
What is the remainder when 490 is divided by 42?
28
Calculate the remainder when 52 is divided by 5.
2
What is the remainder when 1853 is divided by 19?
10
Calculate the remainder when 105 is divided by 30.
15
What is the remainder when 1938 is divided by 10?
8
Calculate the remainder when 106139 is divided by 174.
173
What is the remainder when 1368 is divided by 56?
24
What is the remainder when 166 is divided by 15?
1
Calculate the remainder when 605 is divided by 297.
11
What is the remainder when 132 is divided by 71?
61
Calculate the remainder when 116 is divided by 57.
2
What is the remainder when 640 is divided by 210?
10
What is the remainder when 671 is divided by 42?
41
Calculate the remainder when 190 is divided by 66.
58
What is the remainder when 529 is divided by 60?
49
What is the remainder when 2296 is divided by 16?
8
Calculate the remainder when 431 is divided by 16.
15
Calculate the remainder when 5216 is divided by 29.
25
What is the remainder when 1231 is divided by 613?
5
Calculate the remainder when 195 is divided by 186.
9
What is the remainder when 970 is divided by 108?
106
Calculate the remainder when 3340 is divided by 93.
85
What is the remainder when 5405 is divided by 16?
13
What is the remainder when 660 is divided by 18?
12
What is the remainder when 582 is divided by 74?
64
Calculate the remainder when 171 is divided by 43.
42
Calculate the remainder when 1237 is divided by 5.
2
Calculate the remainder when 122